*c. Suppose 295*h - 42 = 292*h. Suppose -69 = -w*f - h. List the prime factors of f.
11
Suppose 3*l = 8*l. Suppose l*j + 1 = j. List the prime factors of 2 - (j - 2 - 2).
5
Let g = 8 + -3. What are the prime factors of (2/g)/((-2)/(-10))?
2
Let k be (-2 - -2)/(-3) - 1. Let f be -2 - (-1)/(k/(-8)). Let h = -2 + f. List the prime factors of h.
2
Suppose -2*y + 27 = -33. Suppose d + 3 = 0, -2*u - u = -2*d - y. List the prime factors of u.
2
Let x = 12 + 1. List the prime factors of x.
13
Let q = 1 - -11. Suppose -3*v + 2*v = -q. What are the prime factors of v?
2, 3
List the prime factors of ((-452)/12)/((-5)/(-90)*-3).
2, 113
Suppose -5*t + 1560 = 2*m, -16*t - 3*m + 1255 = -12*t. List the prime factors of t.
2, 5, 31
Suppose m = -2*h - 2, -2*h = 5*m - 3*h - 1. Suppose m*d = -d. Suppose d = -a + 2*a - 10. What are the prime factors of a?
2, 5
Let n(g) = g - 1. Let d be n(-5). List the prime factors of (52/d)/((-12)/18).
13
Let m(z) be the third derivative of -z**4/24 - z**3/3 - 3*z**2. What are the prime factors of m(-4)?
2
What are the prime factors of (-107)/(-3)*6/(10/5)?
107
Suppose -3*v - 2*n - 4 = -14, 2*n + 6 = 5*v. What are the prime factors of (18/(-21))/(v/(-14))?
2, 3
Let d = -2 - -6. Suppose -6 + d = 2*h. What are the prime factors of (1 - 23/h) + -3?
3, 7
Let b = -24 - -40. Let y = -8 + b. List the prime factors of y.
2
Let y be (0 - 1) + 1 + -15. Let q be (9/y)/(2/(-10)). Suppose 8*i - q*i = 10. What are the prime factors of i?
2
Suppose -l + 27 = 2*l. Suppose -m + 1 = 0, -o = -2*o + 3*m - 2. What are the prime factors of o - -3*6/l?
3
Let s(r) = r**3 + 4*r**2 + 4*r + 3. Let l be s(-2). Let h(v) = -v - 2. Let b be h(-8). Let g = b - l. What are the prime factors of g?
3
Suppose -2*m = 3*m. Let w be (-1 - 0)*(-1 - 2). Suppose -3*l + 2*k = 2*l - 51, -4*l + w*k + 38 = m. What are the prime factors of l?
11
Let b(f) = -f**3 + 7*f**2 + 8*f + 5. Suppose -3*p + 7*p - 32 = 0. Let i be b(p). Suppose -4*a + 2*u - 2 + 24 = 0, 3*a = i*u + 34. List the prime factors of a.
3
Suppose 5*r + 10 = -10. Suppose -3*c + 3*h - 12 - 36 = 0, 4*c + 60 = 5*h. List the prime factors of (-185)/c - (-1)/r.
3
Suppose -f = -5*f + x + 620, x - 4 = 0. What are the prime factors of f?
2, 3, 13
Let d = 240 - 144. What are the prime factors of d?
2, 3
Let t(s) = -4*s**3 + s**2 - s. Let j be t(1). Let b(k) = k**3 + 5*k**2 - k - 4. List the prime factors of b(j).
2
Let w be (-1 + 7/4)*4. Let s(t) = -t**3 - 6*t**2 + 13*t + 9. Let p be s(-8). Suppose 4*i + 9 = -k, 0 = w*k - 4*i + i - p. List the prime factors of k.
7
Let x(j) = j**2 - 7*j + 6 + 2*j**3 - 3*j**3 - 9*j**2. List the prime factors of x(-7).
2, 3
List the prime factors of ((-2)/(-4))/(8/688).
43
Suppose -2*p = -p - 4*n - 2, -5*p = 3*n - 33. Suppose 5*u + 67 = l, 3*u - l + 33 + p = 0. What are the prime factors of 2/7 + (-24)/u?
2
List the prime factors of -51*-1*(-17)/(-3).
17
Suppose 5*v - 108 = p, 3*v + 5*p - 2*p = 54. Suppose -v - 19 = -5*h. What are the prime factors of h?
2
Suppose -4*u + 5 = -7. Suppose -g = 2*n - 20, 0 = 4*g + u*n + n - 76. Suppose 6*v = 5*v + g. List the prime factors of v.
2, 3
Let u be 0/(3 + -2 - 0). Suppose -2*z + u*z + 28 = 5*j, -2*z = 3*j - 20. Suppose 0 = -z*f + 20, 5*l - 35 = -2*f - 3*f. What are the prime factors of l?
2
Let o(m) = 3*m**3 + m - 1. Let s be o(1). Let u(r) = -3*r + s + 7*r + 0*r - 2*r**3 - r**2. What are the prime factors of u(-2)?
7
Suppose -3*a + 7 + 2 = 0. Suppose -t - 5*v = -2*v - 26, 0 = -a*v + 9. List the prime factors of t.
17
Suppose 35 = v + 4*v. What are the prime factors of v?
7
Suppose 0 = 5*a - 3*c - 30, a - 13 + 0 = 2*c. Suppose 0 = a*z - 6*z + 21. What are the prime factors of z?
7
Let b = -284 + 434. Let r be 28/(-35)*b/(-4). Let j = 50 - r. List the prime factors of j.
2, 5
Let x(q) = -q**3 + 3*q**2 - 3*q + 2. Let y be x(3). What are the prime factors of 2/y - (-3264)/56?
2, 29
Let c(r) = 5*r**2 - 3*r + 4. Let i(j) = 4*j**2 - 4*j + 5. Let n(a) = 5*c(a) - 6*i(a). Let h be n(-8). Let z = 28 + h. List the prime factors of z.
2, 5
Let c = -47 - -83. Suppose 0*m = 2*m - c. What are the prime factors of m?
2, 3
Let b be -6*((-3)/2 + 1). List the prime factors of (-76)/(-6) + (-2)/b.
2, 3
Let z(m) = 42*m + 8. Let q be z(4). Suppose c - 5*c + q = 0. What are the prime factors of c?
2, 11
Suppose 0 = 4*s - 14 + 2. Suppose -8*g + 25 = -s*g. What are the prime factors of g?
5
Let u(d) = -9*d**3 + 3*d**2 - 3*d + 2. List the prime factors of u(-3).
281
Let r be 75/(-10) - 3/(-2). Let j(i) = -3*i + 12. What are the prime factors of j(r)?
2, 3, 5
Suppose 0 = r - 0*r - 1, c + 3*r = 6. Suppose -s - c*l - 11 = -3, l = -3*s - 16. List the prime factors of 12/9*(-2 - s).
2
Let h(u) = u**3 - u - 1. Let m(t) = -t**3 - 2*t**2 + 4*t + 6. Let f(d) = 2*h(d) + m(d). List the prime factors of f(3).
19
Let j(p) = -19*p**3 - 1 + 24*p - 25*p - 10*p**3. List the prime factors of j(-1).
29
Let n(x) = -23*x**3 + x**2 - 1. Suppose s + 3 - 2 = 0. What are the prime factors of n(s)?
23
Let z(m) = m**2 - 20*m - 19. What are the prime factors of z(29)?
2, 11
Let v = -189 + 321. What are the prime factors of v?
2, 3, 11
Suppose 5*u = 2 + 8. Suppose -10 = -u*x + 24. What are the prime factors of x?
17
Suppose f = 9*f - 480. What are the prime factors of f?
2, 3, 5
What are the prime factors of (-9)/(-15) - (-164)/10?
17
Let g be 1*((-2)/1 - -5). Suppose -89 = -z - 4*z - g*c, -z = 2*c - 22. List the prime factors of z.
2
Suppose l = -3*w + 73, -l = -5*w + 38 - 127. List the prime factors of l.
79
What are the prime factors of 101/4 - (-9)/12?
2, 13
Let g be 13/2 + (-1)/2. Let d be (2/2)/(0 + -1). List the prime factors of (g + -1)*(0 - d).
5
Let b(m) = -m - 1. Let q be b(-2). Let i = 1 + q. List the prime factors of i.
2
Let n be -3 + (4 - (-1)/(-1)). Suppose n = 3*b - 61 - 2. List the prime factors of b.
3, 7
Let t = -69 + 86. What are the prime factors of t?
17
Suppose 273 = 5*x + 4*d, -4*x - 4*d = -2*x - 114. What are the prime factors of x?
53
Let u(y) be the first derivative of -3*y**2/2 - 14*y - 11. List the prime factors of u(-16).
2, 17
Suppose 68 = 2*r + 10. What are the prime factors of r?
29
Let z(p) = p - 2. List the prime factors of z(8).
2, 3
Let h(y) = -y**2 + 13*y - 2. List the prime factors of h(10).
2, 7
Let l be 2/((4/346)/1). Suppose 4*r + 200 = -4*y, -r - l = 3*r - 5*y. Let x = -34 - r. List the prime factors of x.
13
Let u be 1/2 + 20/8. Suppose -c - u*d + 74 = 3*c, d - 2 = 0. What are the prime factors of c?
17
Let v = -1 + 2. Let o = v + 2. Suppose t + o*t + 32 = 3*h, 3*t - 26 = -4*h. List the prime factors of h.
2
Suppose -3*a - 1344 = -5*k, -5*a + 280 = -0*k + k. What are the prime factors of k?
2, 3, 5
Let z(m) = m**2 + 6*m - 5. Let i be z(-7). Let j be 1 + 0/2 + 6. Suppose -n = -j + i. List the prime factors of n.
5
Suppose 5 = l, -6*l + 40 = 5*a - l. Suppose 0 = 2*r - r - a. List the prime factors of r.
3
Let w be (0/(1 + 0))/(-2). Let v(d) = -4*d**2 + 2*d - 20. Let o(c) = 3*c**2 - c + 19. Let b(q) = 3*o(q) + 2*v(q). What are the prime factors of b(w)?
17
Let m(p) = 2 + 0*p**2 + 2*p + p**2 - 1. Suppose 5*d = 3*b - 31, 11 = 4*b - 4*d - 17. What are the prime factors of m(b)?
3
Suppose -4*q + 3 = -2*l - 1, -4 = -2*q. List the prime factors of 6 + (3 - (l + 1)).
2, 3
List the prime factors of (7/2)/(-7)*3*-60.
2, 3, 5
Let y(x) = 6 + 2*x - 7 - 5*x - 5. List the prime factors of y(-9).
3, 7
Suppose 5381 = 22*k - 1087. What are the prime factors of k?
2, 3, 7
Suppose 49 = -2*s + 1. Let p = s + 42. Let w = -9 + p. What are the prime factors of w?
3
What are the prime factors of (3 - 2) + 1*56?
3, 19
Let z(u) = -2*u**2 - u - 1. Let r be z(-1). Let v be r/8 + 35/(-4). What are the prime factors of (6*-3)/(v/6)?
2, 3
Let o = 30 + -26. What are the prime factors of o?
2
Let v be (6 - -1) + (-2 - 0). Suppose -2*y + 7*y + 35 = 4*n, v*n - 10 = -5*y. What are the prime factors of n?
5
Suppose -s = -4*s - 48. Let k = s + 31. List the prime factors of k.
3, 5
Suppose -5*l = 5*q, 4*q = q - 12. Let c(k) = -k**2 + 6*k - 2. What are the prime factors of c(l)?
2, 3
Suppose -4*w - s = -7, 3*w - w - 2*s = 6. Suppose -9 = -w*a + 17. What are the prime factors of a?
13
Suppose 7*g - 9*g + 204 = 0. List the prime factors of g.
2, 3, 17
Let y be ((-18)/8)/((-27)/72). Let o(m) = -m*